{"id":29455,"date":"2020-03-09T00:20:31","date_gmt":"2020-03-08T15:20:31","guid":{"rendered":"https:\/\/www.fgautron.com\/weblog\/?page_id=29455"},"modified":"2022-10-20T00:02:06","modified_gmt":"2022-10-19T15:02:06","slug":"crawling-in-my-skin-1","status":"publish","type":"page","link":"https:\/\/www.fgautron.com\/weblog\/crawling-in-my-skin-1\/","title":{"rendered":"crawling in my skin (\u88cf)"},"content":{"rendered":"<p><img loading=\"lazy\" decoding=\"async\" data-attachment-id=\"29463\" data-permalink=\"https:\/\/www.fgautron.com\/weblog\/crawling-in-my-skin-1\/uraimg_0474wm\/\" data-orig-file=\"https:\/\/www.fgautron.com\/weblog\/wp-content\/\/uraIMG_0474wm.jpg\" data-orig-size=\"2000,1333\" data-comments-opened=\"1\" data-image-meta=\"{&quot;aperture&quot;:&quot;4&quot;,&quot;credit&quot;:&quot;&quot;,&quot;camera&quot;:&quot;Canon EOS 50D&quot;,&quot;caption&quot;:&quot;&quot;,&quot;created_timestamp&quot;:&quot;1576947054&quot;,&quot;copyright&quot;:&quot;&quot;,&quot;focal_length&quot;:&quot;40&quot;,&quot;iso&quot;:&quot;250&quot;,&quot;shutter_speed&quot;:&quot;0.125&quot;,&quot;title&quot;:&quot;&quot;,&quot;orientation&quot;:&quot;1&quot;}\" data-image-title=\"uraIMG_0474wm\" data-image-description=\"\" data-image-caption=\"\" data-large-file=\"https:\/\/www.fgautron.com\/weblog\/wp-content\/\/uraIMG_0474wm-700x467.jpg\" src=\"https:\/\/www.fgautron.com\/weblog\/wp-content\/\/uraIMG_0474wm.jpg\" alt=\"\" width=\"2000\" height=\"1333\" class=\"aligncenter size-full wp-image-29463\" srcset=\"https:\/\/www.fgautron.com\/weblog\/wp-content\/uraIMG_0474wm.jpg 2000w, https:\/\/www.fgautron.com\/weblog\/wp-content\/uraIMG_0474wm-300x200.jpg 300w, https:\/\/www.fgautron.com\/weblog\/wp-content\/uraIMG_0474wm-700x467.jpg 700w, https:\/\/www.fgautron.com\/weblog\/wp-content\/uraIMG_0474wm-1536x1024.jpg 1536w, https:\/\/www.fgautron.com\/weblog\/wp-content\/uraIMG_0474wm-800x533.jpg 800w\" sizes=\"auto, (max-width: 2000px) 100vw, 2000px\" \/><\/p>\n<p><img loading=\"lazy\" decoding=\"async\" data-attachment-id=\"29465\" data-permalink=\"https:\/\/www.fgautron.com\/weblog\/crawling-in-my-skin-1\/uraimg_1153wm\/\" data-orig-file=\"https:\/\/www.fgautron.com\/weblog\/wp-content\/\/uraIMG_1153wm.jpg\" data-orig-size=\"2000,1333\" data-comments-opened=\"1\" data-image-meta=\"{&quot;aperture&quot;:&quot;4&quot;,&quot;credit&quot;:&quot;&quot;,&quot;camera&quot;:&quot;Canon EOS 50D&quot;,&quot;caption&quot;:&quot;&quot;,&quot;created_timestamp&quot;:&quot;1581265554&quot;,&quot;copyright&quot;:&quot;&quot;,&quot;focal_length&quot;:&quot;40&quot;,&quot;iso&quot;:&quot;250&quot;,&quot;shutter_speed&quot;:&quot;0.0166666666667&quot;,&quot;title&quot;:&quot;&quot;,&quot;orientation&quot;:&quot;1&quot;}\" data-image-title=\"uraIMG_1153wm\" data-image-description=\"\" data-image-caption=\"\" data-large-file=\"https:\/\/www.fgautron.com\/weblog\/wp-content\/\/uraIMG_1153wm-700x467.jpg\" src=\"https:\/\/www.fgautron.com\/weblog\/wp-content\/\/uraIMG_1153wm.jpg\" alt=\"\" width=\"2000\" height=\"1333\" class=\"aligncenter size-full wp-image-29465\" srcset=\"https:\/\/www.fgautron.com\/weblog\/wp-content\/uraIMG_1153wm.jpg 2000w, https:\/\/www.fgautron.com\/weblog\/wp-content\/uraIMG_1153wm-300x200.jpg 300w, https:\/\/www.fgautron.com\/weblog\/wp-content\/uraIMG_1153wm-700x467.jpg 700w, https:\/\/www.fgautron.com\/weblog\/wp-content\/uraIMG_1153wm-1536x1024.jpg 1536w, https:\/\/www.fgautron.com\/weblog\/wp-content\/uraIMG_1153wm-800x533.jpg 800w\" sizes=\"auto, (max-width: 2000px) 100vw, 2000px\" \/><\/p>\n<p><img loading=\"lazy\" decoding=\"async\" data-attachment-id=\"29467\" data-permalink=\"https:\/\/www.fgautron.com\/weblog\/crawling-in-my-skin-1\/uraimg_1537wm\/\" data-orig-file=\"https:\/\/www.fgautron.com\/weblog\/wp-content\/\/uraIMG_1537wm.jpg\" data-orig-size=\"2000,1333\" data-comments-opened=\"1\" data-image-meta=\"{&quot;aperture&quot;:&quot;7.1&quot;,&quot;credit&quot;:&quot;&quot;,&quot;camera&quot;:&quot;Canon EOS 50D&quot;,&quot;caption&quot;:&quot;&quot;,&quot;created_timestamp&quot;:&quot;1583073457&quot;,&quot;copyright&quot;:&quot;&quot;,&quot;focal_length&quot;:&quot;17&quot;,&quot;iso&quot;:&quot;200&quot;,&quot;shutter_speed&quot;:&quot;0.01&quot;,&quot;title&quot;:&quot;&quot;,&quot;orientation&quot;:&quot;1&quot;}\" data-image-title=\"uraIMG_1537wm\" data-image-description=\"\" data-image-caption=\"\" data-large-file=\"https:\/\/www.fgautron.com\/weblog\/wp-content\/\/uraIMG_1537wm-700x467.jpg\" src=\"https:\/\/www.fgautron.com\/weblog\/wp-content\/\/uraIMG_1537wm.jpg\" alt=\"\" width=\"2000\" height=\"1333\" class=\"aligncenter size-full wp-image-29467\" srcset=\"https:\/\/www.fgautron.com\/weblog\/wp-content\/uraIMG_1537wm.jpg 2000w, https:\/\/www.fgautron.com\/weblog\/wp-content\/uraIMG_1537wm-300x200.jpg 300w, https:\/\/www.fgautron.com\/weblog\/wp-content\/uraIMG_1537wm-700x467.jpg 700w, https:\/\/www.fgautron.com\/weblog\/wp-content\/uraIMG_1537wm-1536x1024.jpg 1536w, https:\/\/www.fgautron.com\/weblog\/wp-content\/uraIMG_1537wm-800x533.jpg 800w\" sizes=\"auto, (max-width: 2000px) 100vw, 2000px\" \/><\/p>\n<p><img loading=\"lazy\" decoding=\"async\" data-attachment-id=\"29466\" data-permalink=\"https:\/\/www.fgautron.com\/weblog\/crawling-in-my-skin-1\/uraimg_1452wm\/\" data-orig-file=\"https:\/\/www.fgautron.com\/weblog\/wp-content\/\/uraIMG_1452wm.jpg\" data-orig-size=\"2000,1333\" data-comments-opened=\"1\" data-image-meta=\"{&quot;aperture&quot;:&quot;4.5&quot;,&quot;credit&quot;:&quot;&quot;,&quot;camera&quot;:&quot;Canon EOS 50D&quot;,&quot;caption&quot;:&quot;&quot;,&quot;created_timestamp&quot;:&quot;1582481898&quot;,&quot;copyright&quot;:&quot;&quot;,&quot;focal_length&quot;:&quot;19&quot;,&quot;iso&quot;:&quot;800&quot;,&quot;shutter_speed&quot;:&quot;0.025&quot;,&quot;title&quot;:&quot;&quot;,&quot;orientation&quot;:&quot;1&quot;}\" data-image-title=\"uraIMG_1452wm\" data-image-description=\"\" data-image-caption=\"\" data-large-file=\"https:\/\/www.fgautron.com\/weblog\/wp-content\/\/uraIMG_1452wm-700x467.jpg\" src=\"https:\/\/www.fgautron.com\/weblog\/wp-content\/\/uraIMG_1452wm.jpg\" alt=\"\" width=\"2000\" height=\"1333\" class=\"aligncenter size-full wp-image-29466\" srcset=\"https:\/\/www.fgautron.com\/weblog\/wp-content\/uraIMG_1452wm.jpg 2000w, https:\/\/www.fgautron.com\/weblog\/wp-content\/uraIMG_1452wm-300x200.jpg 300w, https:\/\/www.fgautron.com\/weblog\/wp-content\/uraIMG_1452wm-700x467.jpg 700w, https:\/\/www.fgautron.com\/weblog\/wp-content\/uraIMG_1452wm-1536x1024.jpg 1536w, https:\/\/www.fgautron.com\/weblog\/wp-content\/uraIMG_1452wm-800x533.jpg 800w\" sizes=\"auto, (max-width: 2000px) 100vw, 2000px\" \/><\/p>\n<p><img loading=\"lazy\" decoding=\"async\" data-attachment-id=\"29468\" data-permalink=\"https:\/\/www.fgautron.com\/weblog\/crawling-in-my-skin-1\/uraimg_1580wm\/\" data-orig-file=\"https:\/\/www.fgautron.com\/weblog\/wp-content\/\/uraIMG_1580wm.jpg\" data-orig-size=\"2000,1333\" data-comments-opened=\"1\" data-image-meta=\"{&quot;aperture&quot;:&quot;7.1&quot;,&quot;credit&quot;:&quot;&quot;,&quot;camera&quot;:&quot;Canon EOS 50D&quot;,&quot;caption&quot;:&quot;&quot;,&quot;created_timestamp&quot;:&quot;1583574020&quot;,&quot;copyright&quot;:&quot;&quot;,&quot;focal_length&quot;:&quot;32&quot;,&quot;iso&quot;:&quot;200&quot;,&quot;shutter_speed&quot;:&quot;0.00625&quot;,&quot;title&quot;:&quot;&quot;,&quot;orientation&quot;:&quot;1&quot;}\" data-image-title=\"uraIMG_1580wm\" data-image-description=\"\" data-image-caption=\"\" data-large-file=\"https:\/\/www.fgautron.com\/weblog\/wp-content\/\/uraIMG_1580wm-700x467.jpg\" src=\"https:\/\/www.fgautron.com\/weblog\/wp-content\/\/uraIMG_1580wm.jpg\" alt=\"\" width=\"2000\" height=\"1333\" class=\"aligncenter size-full wp-image-29468\" srcset=\"https:\/\/www.fgautron.com\/weblog\/wp-content\/uraIMG_1580wm.jpg 2000w, https:\/\/www.fgautron.com\/weblog\/wp-content\/uraIMG_1580wm-300x200.jpg 300w, https:\/\/www.fgautron.com\/weblog\/wp-content\/uraIMG_1580wm-700x467.jpg 700w, https:\/\/www.fgautron.com\/weblog\/wp-content\/uraIMG_1580wm-1536x1024.jpg 1536w, https:\/\/www.fgautron.com\/weblog\/wp-content\/uraIMG_1580wm-800x533.jpg 800w\" sizes=\"auto, (max-width: 2000px) 100vw, 2000px\" \/><\/p>\n<p><img loading=\"lazy\" decoding=\"async\" data-attachment-id=\"29464\" data-permalink=\"https:\/\/www.fgautron.com\/weblog\/crawling-in-my-skin-1\/uraimg_0543wm\/\" data-orig-file=\"https:\/\/www.fgautron.com\/weblog\/wp-content\/\/uraIMG_0543wm.jpg\" data-orig-size=\"2000,1333\" data-comments-opened=\"1\" data-image-meta=\"{&quot;aperture&quot;:&quot;4&quot;,&quot;credit&quot;:&quot;&quot;,&quot;camera&quot;:&quot;Canon EOS 50D&quot;,&quot;caption&quot;:&quot;&quot;,&quot;created_timestamp&quot;:&quot;1577175662&quot;,&quot;copyright&quot;:&quot;&quot;,&quot;focal_length&quot;:&quot;32&quot;,&quot;iso&quot;:&quot;320&quot;,&quot;shutter_speed&quot;:&quot;0.0333333333333&quot;,&quot;title&quot;:&quot;&quot;,&quot;orientation&quot;:&quot;1&quot;}\" data-image-title=\"uraIMG_0543wm\" data-image-description=\"\" data-image-caption=\"\" data-large-file=\"https:\/\/www.fgautron.com\/weblog\/wp-content\/\/uraIMG_0543wm-700x467.jpg\" src=\"https:\/\/www.fgautron.com\/weblog\/wp-content\/\/uraIMG_0543wm.jpg\" alt=\"\" width=\"2000\" height=\"1333\" class=\"aligncenter size-full wp-image-29464\" srcset=\"https:\/\/www.fgautron.com\/weblog\/wp-content\/uraIMG_0543wm.jpg 2000w, https:\/\/www.fgautron.com\/weblog\/wp-content\/uraIMG_0543wm-300x200.jpg 300w, https:\/\/www.fgautron.com\/weblog\/wp-content\/uraIMG_0543wm-700x467.jpg 700w, https:\/\/www.fgautron.com\/weblog\/wp-content\/uraIMG_0543wm-1536x1024.jpg 1536w, https:\/\/www.fgautron.com\/weblog\/wp-content\/uraIMG_0543wm-800x533.jpg 800w\" sizes=\"auto, (max-width: 2000px) 100vw, 2000px\" \/><\/p>\n<p>(\u88cf\u2776) Si on imagine Made in Tokyo comme une ville, cette page marqu\u00e9e de la notation \u88cf (URA) qui veut dire \u201c\u00e0 l\u2019arri\u00e8re\u201d, serait une rue \u00e0 l\u2019arri\u00e8re des grands buildings. C\u2019est \u00e0 dire un endroit o\u00f9 la plupart des gens ne vont pas et o\u00f9 seuls quelques personnes s\u2019y aventurent occasionnellement. Derri\u00e8re la surface visible, se cachent des univers invisibles o\u00f9 on ne peut acc\u00e9der sans avoir la cl\u00e9 pour y p\u00e9n\u00e9trer. Il est possible que cette page ne soit vu par personne car elle n\u2019apparait pas \u00e0 la surface du blog. Cette page restera peut \u00eatre cach\u00e9e pendant des ann\u00e9es sans \u00eatre d\u00e9couverte. Je privil\u00e9gie le noir et blanc sur ce billet car ce sont des images loin des lumi\u00e8res aveuglantes de la ville.<\/p>\n","protected":false},"excerpt":{"rendered":"<p>(\u88cf\u2776) Si on imagine Made in Tokyo comme une ville, cette page marqu\u00e9e de la notation \u88cf (URA) qui veut dire \u201c\u00e0 l\u2019arri\u00e8re\u201d, serait une rue \u00e0 l\u2019arri\u00e8re des grands buildings. C\u2019est \u00e0 dire un endroit o\u00f9 la plupart des gens ne vont pas et o\u00f9 seuls quelques personnes s\u2019y aventurent occasionnellement. Derri\u00e8re la surface&#8230;<\/p>\n","protected":false},"author":1,"featured_media":0,"parent":0,"menu_order":0,"comment_status":"open","ping_status":"open","template":"","meta":{"footnotes":""},"class_list":["post-29455","page","type-page","status-publish","hentry"],"jetpack_sharing_enabled":false,"jetpack_likes_enabled":true,"_links":{"self":[{"href":"https:\/\/www.fgautron.com\/weblog\/wp-json\/wp\/v2\/pages\/29455","targetHints":{"allow":["GET"]}}],"collection":[{"href":"https:\/\/www.fgautron.com\/weblog\/wp-json\/wp\/v2\/pages"}],"about":[{"href":"https:\/\/www.fgautron.com\/weblog\/wp-json\/wp\/v2\/types\/page"}],"author":[{"embeddable":true,"href":"https:\/\/www.fgautron.com\/weblog\/wp-json\/wp\/v2\/users\/1"}],"replies":[{"embeddable":true,"href":"https:\/\/www.fgautron.com\/weblog\/wp-json\/wp\/v2\/comments?post=29455"}],"version-history":[{"count":4,"href":"https:\/\/www.fgautron.com\/weblog\/wp-json\/wp\/v2\/pages\/29455\/revisions"}],"predecessor-version":[{"id":29491,"href":"https:\/\/www.fgautron.com\/weblog\/wp-json\/wp\/v2\/pages\/29455\/revisions\/29491"}],"wp:attachment":[{"href":"https:\/\/www.fgautron.com\/weblog\/wp-json\/wp\/v2\/media?parent=29455"}],"curies":[{"name":"wp","href":"https:\/\/api.w.org\/{rel}","templated":true}]}}