{"id":38257,"date":"2022-10-05T17:03:57","date_gmt":"2022-10-05T08:03:57","guid":{"rendered":"https:\/\/www.fgautron.com\/weblog\/?page_id=38257"},"modified":"2022-10-19T23:47:33","modified_gmt":"2022-10-19T14:47:33","slug":"wolves-crying-at-the-giant-moon-9","status":"publish","type":"page","link":"https:\/\/www.fgautron.com\/weblog\/wolves-crying-at-the-giant-moon-9\/","title":{"rendered":"wolves crying at the giant moon (\u88cf)"},"content":{"rendered":"<p><img loading=\"lazy\" decoding=\"async\" data-attachment-id=\"38258\" data-permalink=\"https:\/\/www.fgautron.com\/weblog\/wolves-crying-at-the-giant-moon-9\/aimg_3481zzmm\/\" data-orig-file=\"https:\/\/www.fgautron.com\/weblog\/wp-content\/\/aIMG_3481zzmm.jpg\" data-orig-size=\"2000,1333\" data-comments-opened=\"1\" data-image-meta=\"{&quot;aperture&quot;:&quot;6.3&quot;,&quot;credit&quot;:&quot;&quot;,&quot;camera&quot;:&quot;Canon EOS 50D&quot;,&quot;caption&quot;:&quot;&quot;,&quot;created_timestamp&quot;:&quot;1662202397&quot;,&quot;copyright&quot;:&quot;&quot;,&quot;focal_length&quot;:&quot;32&quot;,&quot;iso&quot;:&quot;320&quot;,&quot;shutter_speed&quot;:&quot;0.008&quot;,&quot;title&quot;:&quot;&quot;,&quot;orientation&quot;:&quot;1&quot;}\" data-image-title=\"aIMG_3481zzmm\" data-image-description=\"\" data-image-caption=\"\" data-large-file=\"https:\/\/www.fgautron.com\/weblog\/wp-content\/\/aIMG_3481zzmm-700x467.jpg\" src=\"https:\/\/www.fgautron.com\/weblog\/wp-content\/\/aIMG_3481zzmm.jpg\" alt=\"\" width=\"2000\" height=\"1333\" class=\"aligncenter size-full wp-image-38258\" srcset=\"https:\/\/www.fgautron.com\/weblog\/wp-content\/aIMG_3481zzmm.jpg 2000w, https:\/\/www.fgautron.com\/weblog\/wp-content\/aIMG_3481zzmm-300x200.jpg 300w, https:\/\/www.fgautron.com\/weblog\/wp-content\/aIMG_3481zzmm-700x467.jpg 700w, https:\/\/www.fgautron.com\/weblog\/wp-content\/aIMG_3481zzmm-1536x1024.jpg 1536w, https:\/\/www.fgautron.com\/weblog\/wp-content\/aIMG_3481zzmm-800x533.jpg 800w\" sizes=\"auto, (max-width: 2000px) 100vw, 2000px\" \/><\/p>\n<p><img loading=\"lazy\" decoding=\"async\" data-attachment-id=\"38259\" data-permalink=\"https:\/\/www.fgautron.com\/weblog\/wolves-crying-at-the-giant-moon-9\/aimg_3512zzmm\/\" data-orig-file=\"https:\/\/www.fgautron.com\/weblog\/wp-content\/\/aIMG_3512zzmm.jpg\" data-orig-size=\"2000,1333\" data-comments-opened=\"1\" data-image-meta=\"{&quot;aperture&quot;:&quot;11&quot;,&quot;credit&quot;:&quot;&quot;,&quot;camera&quot;:&quot;Canon EOS 50D&quot;,&quot;caption&quot;:&quot;&quot;,&quot;created_timestamp&quot;:&quot;1662220972&quot;,&quot;copyright&quot;:&quot;&quot;,&quot;focal_length&quot;:&quot;25&quot;,&quot;iso&quot;:&quot;320&quot;,&quot;shutter_speed&quot;:&quot;0.004&quot;,&quot;title&quot;:&quot;&quot;,&quot;orientation&quot;:&quot;1&quot;}\" data-image-title=\"aIMG_3512zzmm\" data-image-description=\"\" data-image-caption=\"\" data-large-file=\"https:\/\/www.fgautron.com\/weblog\/wp-content\/\/aIMG_3512zzmm-700x467.jpg\" src=\"https:\/\/www.fgautron.com\/weblog\/wp-content\/\/aIMG_3512zzmm.jpg\" alt=\"\" width=\"2000\" height=\"1333\" class=\"aligncenter size-full wp-image-38259\" srcset=\"https:\/\/www.fgautron.com\/weblog\/wp-content\/aIMG_3512zzmm.jpg 2000w, https:\/\/www.fgautron.com\/weblog\/wp-content\/aIMG_3512zzmm-300x200.jpg 300w, https:\/\/www.fgautron.com\/weblog\/wp-content\/aIMG_3512zzmm-700x467.jpg 700w, https:\/\/www.fgautron.com\/weblog\/wp-content\/aIMG_3512zzmm-1536x1024.jpg 1536w, https:\/\/www.fgautron.com\/weblog\/wp-content\/aIMG_3512zzmm-800x533.jpg 800w\" sizes=\"auto, (max-width: 2000px) 100vw, 2000px\" \/><\/p>\n<p><img loading=\"lazy\" decoding=\"async\" data-attachment-id=\"38260\" data-permalink=\"https:\/\/www.fgautron.com\/weblog\/wolves-crying-at-the-giant-moon-9\/aimg_3519zzmm\/\" data-orig-file=\"https:\/\/www.fgautron.com\/weblog\/wp-content\/\/aIMG_3519zzmm.jpg\" data-orig-size=\"2000,1303\" data-comments-opened=\"1\" data-image-meta=\"{&quot;aperture&quot;:&quot;7.1&quot;,&quot;credit&quot;:&quot;&quot;,&quot;camera&quot;:&quot;Canon EOS 50D&quot;,&quot;caption&quot;:&quot;&quot;,&quot;created_timestamp&quot;:&quot;1662222065&quot;,&quot;copyright&quot;:&quot;&quot;,&quot;focal_length&quot;:&quot;40&quot;,&quot;iso&quot;:&quot;320&quot;,&quot;shutter_speed&quot;:&quot;0.005&quot;,&quot;title&quot;:&quot;&quot;,&quot;orientation&quot;:&quot;1&quot;}\" data-image-title=\"aIMG_3519zzmm\" data-image-description=\"\" data-image-caption=\"\" data-large-file=\"https:\/\/www.fgautron.com\/weblog\/wp-content\/\/aIMG_3519zzmm-700x456.jpg\" src=\"https:\/\/www.fgautron.com\/weblog\/wp-content\/\/aIMG_3519zzmm.jpg\" alt=\"\" width=\"2000\" height=\"1303\" class=\"aligncenter size-full wp-image-38260\" srcset=\"https:\/\/www.fgautron.com\/weblog\/wp-content\/aIMG_3519zzmm.jpg 2000w, https:\/\/www.fgautron.com\/weblog\/wp-content\/aIMG_3519zzmm-300x195.jpg 300w, https:\/\/www.fgautron.com\/weblog\/wp-content\/aIMG_3519zzmm-700x456.jpg 700w, https:\/\/www.fgautron.com\/weblog\/wp-content\/aIMG_3519zzmm-1536x1001.jpg 1536w, https:\/\/www.fgautron.com\/weblog\/wp-content\/aIMG_3519zzmm-800x521.jpg 800w\" sizes=\"auto, (max-width: 2000px) 100vw, 2000px\" \/><\/p>\n<p><img loading=\"lazy\" decoding=\"async\" data-attachment-id=\"38261\" data-permalink=\"https:\/\/www.fgautron.com\/weblog\/wolves-crying-at-the-giant-moon-9\/aimg_3579zzmm\/\" data-orig-file=\"https:\/\/www.fgautron.com\/weblog\/wp-content\/\/aIMG_3579zzmm.jpg\" data-orig-size=\"2000,1333\" data-comments-opened=\"1\" data-image-meta=\"{&quot;aperture&quot;:&quot;8&quot;,&quot;credit&quot;:&quot;&quot;,&quot;camera&quot;:&quot;Canon EOS 50D&quot;,&quot;caption&quot;:&quot;&quot;,&quot;created_timestamp&quot;:&quot;1662815258&quot;,&quot;copyright&quot;:&quot;&quot;,&quot;focal_length&quot;:&quot;28&quot;,&quot;iso&quot;:&quot;320&quot;,&quot;shutter_speed&quot;:&quot;0.00625&quot;,&quot;title&quot;:&quot;&quot;,&quot;orientation&quot;:&quot;1&quot;}\" data-image-title=\"aIMG_3579zzmm\" data-image-description=\"\" data-image-caption=\"\" data-large-file=\"https:\/\/www.fgautron.com\/weblog\/wp-content\/\/aIMG_3579zzmm-700x467.jpg\" src=\"https:\/\/www.fgautron.com\/weblog\/wp-content\/\/aIMG_3579zzmm.jpg\" alt=\"\" width=\"2000\" height=\"1333\" class=\"aligncenter size-full wp-image-38261\" srcset=\"https:\/\/www.fgautron.com\/weblog\/wp-content\/aIMG_3579zzmm.jpg 2000w, https:\/\/www.fgautron.com\/weblog\/wp-content\/aIMG_3579zzmm-300x200.jpg 300w, https:\/\/www.fgautron.com\/weblog\/wp-content\/aIMG_3579zzmm-700x467.jpg 700w, https:\/\/www.fgautron.com\/weblog\/wp-content\/aIMG_3579zzmm-1536x1024.jpg 1536w, https:\/\/www.fgautron.com\/weblog\/wp-content\/aIMG_3579zzmm-800x533.jpg 800w\" sizes=\"auto, (max-width: 2000px) 100vw, 2000px\" \/><\/p>\n<p><img loading=\"lazy\" decoding=\"async\" data-attachment-id=\"38262\" data-permalink=\"https:\/\/www.fgautron.com\/weblog\/wolves-crying-at-the-giant-moon-9\/aimg_4029zzmm\/\" data-orig-file=\"https:\/\/www.fgautron.com\/weblog\/wp-content\/\/aIMG_4029zzmm.jpg\" data-orig-size=\"2000,1333\" data-comments-opened=\"1\" data-image-meta=\"{&quot;aperture&quot;:&quot;4.5&quot;,&quot;credit&quot;:&quot;&quot;,&quot;camera&quot;:&quot;Canon EOS 50D&quot;,&quot;caption&quot;:&quot;&quot;,&quot;created_timestamp&quot;:&quot;1664019789&quot;,&quot;copyright&quot;:&quot;&quot;,&quot;focal_length&quot;:&quot;32&quot;,&quot;iso&quot;:&quot;320&quot;,&quot;shutter_speed&quot;:&quot;0.016666666666667&quot;,&quot;title&quot;:&quot;&quot;,&quot;orientation&quot;:&quot;1&quot;}\" data-image-title=\"aIMG_4029zzmm\" data-image-description=\"\" data-image-caption=\"\" data-large-file=\"https:\/\/www.fgautron.com\/weblog\/wp-content\/\/aIMG_4029zzmm-700x467.jpg\" src=\"https:\/\/www.fgautron.com\/weblog\/wp-content\/\/aIMG_4029zzmm.jpg\" alt=\"\" width=\"2000\" height=\"1333\" class=\"aligncenter size-full wp-image-38262\" srcset=\"https:\/\/www.fgautron.com\/weblog\/wp-content\/aIMG_4029zzmm.jpg 2000w, https:\/\/www.fgautron.com\/weblog\/wp-content\/aIMG_4029zzmm-300x200.jpg 300w, https:\/\/www.fgautron.com\/weblog\/wp-content\/aIMG_4029zzmm-700x467.jpg 700w, https:\/\/www.fgautron.com\/weblog\/wp-content\/aIMG_4029zzmm-1536x1024.jpg 1536w, https:\/\/www.fgautron.com\/weblog\/wp-content\/aIMG_4029zzmm-800x533.jpg 800w\" sizes=\"auto, (max-width: 2000px) 100vw, 2000px\" \/><\/p>\n<p>(\u88cf\u277e) Le paysage urbain est tr\u00e8s sombre sur cette s\u00e9rie photographique, et je vais volontairement assez loin dans l\u2019abstraction de l\u2019image car on ne distingue que tr\u00e8s difficilement ce qui est repr\u00e9sent\u00e9 \u00e0 l\u2019image. Je consid\u00e8re un peu ces photographies cach\u00e9es de la s\u00e9rie Ura (\u88cf) comme un petit laboratoire d\u2019images. J\u2019y montre des compositions photographiques que je ne souhaiterais par forc\u00e9ment montrer sur le blog en lui-m\u00eame. La diff\u00e9rence entre les billets que je ne montre pas sur le blog, de cette s\u00e9rie Ura, et ceux que je montre sur le blog est en fait assez mince. Il m\u2019arrive r\u00e9guli\u00e8rement, apr\u00e8s coup, d\u2019avoir l\u2019envie de montrer des photos de cette s\u00e9rie sur les pages de mon blog, mais je me retiens. Aucune des neuf pages n\u2019a \u00e9t\u00e9 d\u00e9couverte \u00e0 ma connaissance et il est tant que je donne quelques indices.<\/p>\n<p><img loading=\"lazy\" decoding=\"async\" data-attachment-id=\"38414\" data-permalink=\"https:\/\/www.fgautron.com\/weblog\/wolves-crying-at-the-giant-moon-9\/img_0438zm\/\" data-orig-file=\"https:\/\/www.fgautron.com\/weblog\/wp-content\/\/IMG_0438zm.jpg\" data-orig-size=\"600,864\" data-comments-opened=\"1\" data-image-meta=\"{&quot;aperture&quot;:&quot;0&quot;,&quot;credit&quot;:&quot;&quot;,&quot;camera&quot;:&quot;&quot;,&quot;caption&quot;:&quot;&quot;,&quot;created_timestamp&quot;:&quot;1454208871&quot;,&quot;copyright&quot;:&quot;&quot;,&quot;focal_length&quot;:&quot;0&quot;,&quot;iso&quot;:&quot;0&quot;,&quot;shutter_speed&quot;:&quot;0&quot;,&quot;title&quot;:&quot;&quot;,&quot;orientation&quot;:&quot;1&quot;}\" data-image-title=\"IMG_0438zm\" data-image-description=\"\" data-image-caption=\"\" data-large-file=\"https:\/\/www.fgautron.com\/weblog\/wp-content\/\/IMG_0438zm.jpg\" src=\"https:\/\/www.fgautron.com\/weblog\/wp-content\/\/IMG_0438zm.jpg\" alt=\"\" width=\"600\" height=\"864\" class=\"aligncenter size-full wp-image-38414\" srcset=\"https:\/\/www.fgautron.com\/weblog\/wp-content\/IMG_0438zm.jpg 600w, https:\/\/www.fgautron.com\/weblog\/wp-content\/IMG_0438zm-208x300.jpg 208w\" sizes=\"auto, (max-width: 600px) 100vw, 600px\" \/><\/p>\n<p><img loading=\"lazy\" decoding=\"async\" data-attachment-id=\"38416\" data-permalink=\"https:\/\/www.fgautron.com\/weblog\/wolves-crying-at-the-giant-moon-9\/syoko002\/\" data-orig-file=\"https:\/\/www.fgautron.com\/weblog\/wp-content\/\/syoko002.jpg\" data-orig-size=\"600,443\" data-comments-opened=\"1\" data-image-meta=\"{&quot;aperture&quot;:&quot;0&quot;,&quot;credit&quot;:&quot;&quot;,&quot;camera&quot;:&quot;&quot;,&quot;caption&quot;:&quot;&quot;,&quot;created_timestamp&quot;:&quot;0&quot;,&quot;copyright&quot;:&quot;&quot;,&quot;focal_length&quot;:&quot;0&quot;,&quot;iso&quot;:&quot;0&quot;,&quot;shutter_speed&quot;:&quot;0&quot;,&quot;title&quot;:&quot;&quot;,&quot;orientation&quot;:&quot;1&quot;}\" data-image-title=\"syoko002\" data-image-description=\"\" data-image-caption=\"\" data-large-file=\"https:\/\/www.fgautron.com\/weblog\/wp-content\/\/syoko002.jpg\" src=\"https:\/\/www.fgautron.com\/weblog\/wp-content\/\/syoko002.jpg\" alt=\"\" width=\"600\" height=\"443\" class=\"aligncenter size-full wp-image-38416\" srcset=\"https:\/\/www.fgautron.com\/weblog\/wp-content\/syoko002.jpg 600w, https:\/\/www.fgautron.com\/weblog\/wp-content\/syoko002-300x222.jpg 300w, https:\/\/www.fgautron.com\/weblog\/wp-content\/syoko002-80x60.jpg 80w\" sizes=\"auto, (max-width: 600px) 100vw, 600px\" \/><\/p>\n<p>Je garde en marque-page ici un site contenant des scans de magazines musicaux japonais des ann\u00e9es 1980, avec de nombreuses photos et des articles couvrant notamment le groupe <a href=\"https:\/\/lazycalm-magazine.blog.ss-blog.jp\/tag\/articles\/G-SCHMITT?page=1\">G-SCHMITT<\/a> et sa chanteuse SYOKO. Je r\u00e9\u00e9coute r\u00e9guli\u00e8rement la musique de G-SCHMITT et les albums solo de SYOKO. L\u2019ambiance gothique y est tr\u00e8s belle, autant que les photos que l\u2019on peut voir du groupe et de SYOKO. Les photos ci-dessus sont tir\u00e9es de ces magazines. Il y a quelque chose de fascinant dans le visage de SYOKO, une impression qui est en quelque sorte renforc\u00e9e par le fait qu\u2019elle ait soudainement disparu sans laisser de trace, ce qui est bien dommage.<\/p>\n<p><img loading=\"lazy\" decoding=\"async\" data-attachment-id=\"38417\" data-permalink=\"https:\/\/www.fgautron.com\/weblog\/wolves-crying-at-the-giant-moon-9\/junt-001\/\" data-orig-file=\"https:\/\/www.fgautron.com\/weblog\/wp-content\/\/junt-001.jpg\" data-orig-size=\"600,760\" data-comments-opened=\"1\" data-image-meta=\"{&quot;aperture&quot;:&quot;0&quot;,&quot;credit&quot;:&quot;&quot;,&quot;camera&quot;:&quot;&quot;,&quot;caption&quot;:&quot;&quot;,&quot;created_timestamp&quot;:&quot;0&quot;,&quot;copyright&quot;:&quot;&quot;,&quot;focal_length&quot;:&quot;0&quot;,&quot;iso&quot;:&quot;0&quot;,&quot;shutter_speed&quot;:&quot;0&quot;,&quot;title&quot;:&quot;&quot;,&quot;orientation&quot;:&quot;1&quot;}\" data-image-title=\"junt-001\" data-image-description=\"\" data-image-caption=\"\" data-large-file=\"https:\/\/www.fgautron.com\/weblog\/wp-content\/\/junt-001.jpg\" src=\"https:\/\/www.fgautron.com\/weblog\/wp-content\/\/junt-001.jpg\" alt=\"\" width=\"600\" height=\"760\" class=\"aligncenter size-full wp-image-38417\" srcset=\"https:\/\/www.fgautron.com\/weblog\/wp-content\/junt-001.jpg 600w, https:\/\/www.fgautron.com\/weblog\/wp-content\/junt-001-237x300.jpg 237w\" sizes=\"auto, (max-width: 600px) 100vw, 600px\" \/><\/p>\n<p><img loading=\"lazy\" decoding=\"async\" data-attachment-id=\"38418\" data-permalink=\"https:\/\/www.fgautron.com\/weblog\/wolves-crying-at-the-giant-moon-9\/junt-002\/\" data-orig-file=\"https:\/\/www.fgautron.com\/weblog\/wp-content\/\/junt-002.jpg\" data-orig-size=\"600,938\" data-comments-opened=\"1\" data-image-meta=\"{&quot;aperture&quot;:&quot;0&quot;,&quot;credit&quot;:&quot;&quot;,&quot;camera&quot;:&quot;&quot;,&quot;caption&quot;:&quot;&quot;,&quot;created_timestamp&quot;:&quot;1569273775&quot;,&quot;copyright&quot;:&quot;&quot;,&quot;focal_length&quot;:&quot;0&quot;,&quot;iso&quot;:&quot;0&quot;,&quot;shutter_speed&quot;:&quot;0&quot;,&quot;title&quot;:&quot;&quot;,&quot;orientation&quot;:&quot;1&quot;}\" data-image-title=\"junt-002\" data-image-description=\"\" data-image-caption=\"\" data-large-file=\"https:\/\/www.fgautron.com\/weblog\/wp-content\/\/junt-002.jpg\" src=\"https:\/\/www.fgautron.com\/weblog\/wp-content\/\/junt-002.jpg\" alt=\"\" width=\"600\" height=\"938\" class=\"aligncenter size-full wp-image-38418\" srcset=\"https:\/\/www.fgautron.com\/weblog\/wp-content\/junt-002.jpg 600w, https:\/\/www.fgautron.com\/weblog\/wp-content\/junt-002-192x300.jpg 192w\" sizes=\"auto, (max-width: 600px) 100vw, 600px\" \/><\/p>\n<p><img loading=\"lazy\" decoding=\"async\" data-attachment-id=\"38419\" data-permalink=\"https:\/\/www.fgautron.com\/weblog\/wolves-crying-at-the-giant-moon-9\/junt-003\/\" data-orig-file=\"https:\/\/www.fgautron.com\/weblog\/wp-content\/\/junt-003.jpg\" data-orig-size=\"600,420\" data-comments-opened=\"1\" data-image-meta=\"{&quot;aperture&quot;:&quot;0&quot;,&quot;credit&quot;:&quot;&quot;,&quot;camera&quot;:&quot;&quot;,&quot;caption&quot;:&quot;&quot;,&quot;created_timestamp&quot;:&quot;0&quot;,&quot;copyright&quot;:&quot;&quot;,&quot;focal_length&quot;:&quot;0&quot;,&quot;iso&quot;:&quot;0&quot;,&quot;shutter_speed&quot;:&quot;0&quot;,&quot;title&quot;:&quot;&quot;,&quot;orientation&quot;:&quot;1&quot;}\" data-image-title=\"junt-003\" data-image-description=\"\" data-image-caption=\"\" data-large-file=\"https:\/\/www.fgautron.com\/weblog\/wp-content\/\/junt-003.jpg\" src=\"https:\/\/www.fgautron.com\/weblog\/wp-content\/\/junt-003.jpg\" alt=\"\" width=\"600\" height=\"420\" class=\"aligncenter size-full wp-image-38419\" srcset=\"https:\/\/www.fgautron.com\/weblog\/wp-content\/junt-003.jpg 600w, https:\/\/www.fgautron.com\/weblog\/wp-content\/junt-003-300x210.jpg 300w\" sizes=\"auto, (max-width: 600px) 100vw, 600px\" \/><\/p>\n<p><img loading=\"lazy\" decoding=\"async\" data-attachment-id=\"38420\" data-permalink=\"https:\/\/www.fgautron.com\/weblog\/wolves-crying-at-the-giant-moon-9\/junt-004\/\" data-orig-file=\"https:\/\/www.fgautron.com\/weblog\/wp-content\/\/junt-004.jpg\" data-orig-size=\"600,419\" data-comments-opened=\"1\" data-image-meta=\"{&quot;aperture&quot;:&quot;0&quot;,&quot;credit&quot;:&quot;&quot;,&quot;camera&quot;:&quot;&quot;,&quot;caption&quot;:&quot;&quot;,&quot;created_timestamp&quot;:&quot;0&quot;,&quot;copyright&quot;:&quot;&quot;,&quot;focal_length&quot;:&quot;0&quot;,&quot;iso&quot;:&quot;0&quot;,&quot;shutter_speed&quot;:&quot;0&quot;,&quot;title&quot;:&quot;&quot;,&quot;orientation&quot;:&quot;1&quot;}\" data-image-title=\"junt-004\" data-image-description=\"\" data-image-caption=\"\" data-large-file=\"https:\/\/www.fgautron.com\/weblog\/wp-content\/\/junt-004.jpg\" src=\"https:\/\/www.fgautron.com\/weblog\/wp-content\/\/junt-004.jpg\" alt=\"\" width=\"600\" height=\"419\" class=\"aligncenter size-full wp-image-38420\" srcset=\"https:\/\/www.fgautron.com\/weblog\/wp-content\/junt-004.jpg 600w, https:\/\/www.fgautron.com\/weblog\/wp-content\/junt-004-300x210.jpg 300w\" sizes=\"auto, (max-width: 600px) 100vw, 600px\" \/><\/p>\n<p>Sur les pages de ces magazines, on retrouve aussi tr\u00e8s souvent <a href=\"https:\/\/lazycalm-magazine.blog.ss-blog.jp\/tag\/articles\/\u6238\u5ddd\u7d14\">Jun Togawa<\/a> (\u6238\u5ddd\u7d14), ainsi que d&rsquo;autres groupes de l&rsquo;\u00e9poque comme le YMO, P-MODEL ZELDA et des groupes \u00e9trangers de cette m\u00eame mouvance comme The Cure ou Dead Can Dance. Jun Togawa a son monde \u00e0 elle, et son chant est unique et inimitable. Je ne comprends pas trop pourquoi elle n\u2019apparait jamais dans les \u0117missions t\u00e9l\u00e9vis\u00e9es r\u00e9trospectives des ann\u00e9es 80, car elle avait l\u2019air d\u2019\u00eatre tr\u00e8s reconnue vue sa pr\u00e9sence dans de nombreux magazines de l\u2019\u00e9poque et dans quelques publicit\u00e9s. C\u2019est comme si sa pr\u00e9sence pass\u00e9e avait \u00e9t\u00e9 compl\u00e8tement effac\u00e9e.<\/p>\n<p><img loading=\"lazy\" decoding=\"async\" data-attachment-id=\"38422\" data-permalink=\"https:\/\/www.fgautron.com\/weblog\/wolves-crying-at-the-giant-moon-9\/anju001\/\" data-orig-file=\"https:\/\/www.fgautron.com\/weblog\/wp-content\/\/anju001.jpg\" data-orig-size=\"600,650\" data-comments-opened=\"1\" data-image-meta=\"{&quot;aperture&quot;:&quot;0&quot;,&quot;credit&quot;:&quot;&quot;,&quot;camera&quot;:&quot;&quot;,&quot;caption&quot;:&quot;&quot;,&quot;created_timestamp&quot;:&quot;0&quot;,&quot;copyright&quot;:&quot;&quot;,&quot;focal_length&quot;:&quot;0&quot;,&quot;iso&quot;:&quot;0&quot;,&quot;shutter_speed&quot;:&quot;0&quot;,&quot;title&quot;:&quot;&quot;,&quot;orientation&quot;:&quot;1&quot;}\" data-image-title=\"anju001\" data-image-description=\"\" data-image-caption=\"\" data-large-file=\"https:\/\/www.fgautron.com\/weblog\/wp-content\/\/anju001.jpg\" src=\"https:\/\/www.fgautron.com\/weblog\/wp-content\/\/anju001.jpg\" alt=\"\" width=\"600\" height=\"650\" class=\"aligncenter size-full wp-image-38422\" srcset=\"https:\/\/www.fgautron.com\/weblog\/wp-content\/anju001.jpg 600w, https:\/\/www.fgautron.com\/weblog\/wp-content\/anju001-277x300.jpg 277w\" sizes=\"auto, (max-width: 600px) 100vw, 600px\" \/><\/p>\n<p>Parmi toutes les pages de magazines, on peut \u00e9galement trouver cette photographie superbe de <a href=\"https:\/\/lazycalm-magazine.blog.ss-blog.jp\/2014-09-27\">Rena Anju<\/a> (\u5b89\u73e0\u73b2\u6c38) pour le livre intitul\u00e9 If you have nothing to say when you wake up in the morning (\u671d\u3001\u8d77\u304d\u3066\u3001\u541b\u306b\u306f\u8a00\u3046\u3053\u3068\u304c\u4f55\u3082\u306a\u3044\u306a\u3089) avec une histoire de Genichiro Takahashi (\u9ad8\u6a4b\u539f\u4e00\u90ce) et des photographies de Ryu Hanabusa (\u82f1\u9686). J&rsquo;ai d\u2019ailleurs r\u00e9utilis\u00e9 cette photographie pour mon deuxi\u00e8me compte Twitter <a href=\"https:\/\/twitter.com\/shinkomarin\">ShinkomaRin<\/a> que je n&rsquo;utilise pas tr\u00e8s souvent mais qui pourrait tr\u00e8s bien se coupler avec ces pages de la s\u00e9rie Ura (\u88cf).<\/p>\n","protected":false},"excerpt":{"rendered":"<p>(\u88cf\u277e) Le paysage urbain est tr\u00e8s sombre sur cette s\u00e9rie photographique, et je vais volontairement assez loin dans l\u2019abstraction de l\u2019image car on ne distingue que tr\u00e8s difficilement ce qui est repr\u00e9sent\u00e9 \u00e0 l\u2019image. Je consid\u00e8re un peu ces photographies cach\u00e9es de la s\u00e9rie Ura (\u88cf) comme un petit laboratoire d\u2019images. J\u2019y montre des compositions&#8230;<\/p>\n","protected":false},"author":1,"featured_media":0,"parent":0,"menu_order":0,"comment_status":"open","ping_status":"closed","template":"","meta":{"footnotes":""},"class_list":["post-38257","page","type-page","status-publish","hentry"],"jetpack_sharing_enabled":true,"jetpack_likes_enabled":true,"_links":{"self":[{"href":"https:\/\/www.fgautron.com\/weblog\/wp-json\/wp\/v2\/pages\/38257","targetHints":{"allow":["GET"]}}],"collection":[{"href":"https:\/\/www.fgautron.com\/weblog\/wp-json\/wp\/v2\/pages"}],"about":[{"href":"https:\/\/www.fgautron.com\/weblog\/wp-json\/wp\/v2\/types\/page"}],"author":[{"embeddable":true,"href":"https:\/\/www.fgautron.com\/weblog\/wp-json\/wp\/v2\/users\/1"}],"replies":[{"embeddable":true,"href":"https:\/\/www.fgautron.com\/weblog\/wp-json\/wp\/v2\/comments?post=38257"}],"version-history":[{"count":9,"href":"https:\/\/www.fgautron.com\/weblog\/wp-json\/wp\/v2\/pages\/38257\/revisions"}],"predecessor-version":[{"id":38424,"href":"https:\/\/www.fgautron.com\/weblog\/wp-json\/wp\/v2\/pages\/38257\/revisions\/38424"}],"wp:attachment":[{"href":"https:\/\/www.fgautron.com\/weblog\/wp-json\/wp\/v2\/media?parent=38257"}],"curies":[{"name":"wp","href":"https:\/\/api.w.org\/{rel}","templated":true}]}}